{"id":808,"date":"2020-12-16T12:01:06","date_gmt":"2020-12-16T11:01:06","guid":{"rendered":"http:\/\/marist-en-mission.com\/?page_id=808"},"modified":"2020-12-16T12:01:07","modified_gmt":"2020-12-16T11:01:07","slug":"afrique-du-sud","status":"publish","type":"page","link":"https:\/\/marist-en-mission.com\/index.php\/afrique-du-sud\/","title":{"rendered":"Afrique du Sud"},"content":{"rendered":"\n<p><strong>Notre Province mariste comprenant la Belgique, l\u2019Allemagne, l\u2019Ecosse, l\u2019Irlande et les Pays-Bas, s\u2019engage \u00e9galement \u00e0 \u00eatre au c\u00f4t\u00e9 du monde mariste pour la formation des Fr\u00e8res issus de pays dont les moyens sont plus limit\u00e9s. Ces Fr\u00e8res pourront, dans le futur, \u00eatre des acteurs pour d\u00e9velopper des programmes d\u2019\u00e9ducation, aider \u00e0 l\u2019autonomie de leurs pays respectifs. C\u2019est un peu le principe connu de beaucoup : \u00ab&nbsp;Si tu donnes du poisson \u00e0 un pauvre, il mangera un jour; si tu lui apprends \u00e0 p\u00eacher, il mangera toute sa vie.&nbsp;\u00bb<\/strong><\/p>\n\n\n\n<p>Notre r\u00e9gion mariste a donc opt\u00e9 pour soutenir les \u00e9tudes de Fr\u00e8res d\u2019Afrique du Sud.&nbsp;<\/p>\n\n\n\n<p>\u2219&nbsp;Fr\u00e8re Boniface Chirambo : master en administration \u00e9conomique \u00e0 l\u2019Universit\u00e9 Catholique d\u2019Afrique de l\u2019Est. Il a termin\u00e9 en octobre 2019 son cursus. Le co\u00fbt total de cette formation universitaire a \u00e9t\u00e9 de 21.060 \u20ac.<\/p>\n\n\n\n<p>\u2219&nbsp;Fr\u00e8re Arthur Ganiza : master en science \u00e0 l\u2019Institut de gestion du Malawi pour un co\u00fbt de 8000 \u20ac.&nbsp;<\/p>\n\n\n\n<p>Ces deux Fr\u00e8res ont termin\u00e9 leur cursus et ont pu remercier tous ceux qui ont contribu\u00e9 au financement de leur formation.<\/p>\n\n\n\n<p>Nous avons opt\u00e9 pour aider encore deux Fr\u00e8res \u00e9tudiants pour un montant total de 14.756 \u20ac<\/p>\n","protected":false},"excerpt":{"rendered":"<p>Notre Province mariste comprenant la Belgique, l\u2019Allemagne, l\u2019Ecosse, l\u2019Irlande et les Pays-Bas, s\u2019engage \u00e9galement \u00e0 \u00eatre au c\u00f4t\u00e9 du monde mariste pour la formation des Fr\u00e8res issus de pays dont les moyens sont plus limit\u00e9s. Ces Fr\u00e8res pourront, dans le futur, \u00eatre des acteurs pour d\u00e9velopper des programmes d\u2019\u00e9ducation, aider \u00e0 l\u2019autonomie de leurs pays [&hellip;]<\/p>\n","protected":false},"author":2,"featured_media":0,"parent":0,"menu_order":0,"comment_status":"closed","ping_status":"closed","template":"","meta":[],"yoast_head":"<!-- This site is optimized with the Yoast SEO plugin v17.1 - https:\/\/yoast.com\/wordpress\/plugins\/seo\/ -->\n<title>Afrique du Sud - Maristes en mission<\/title>\n<meta name=\"robots\" content=\"index, follow, max-snippet:-1, max-image-preview:large, max-video-preview:-1\" \/>\n<link rel=\"canonical\" href=\"https:\/\/marist-en-mission.com\/index.php\/afrique-du-sud\/\" \/>\n<meta property=\"og:locale\" content=\"en_US\" \/>\n<meta property=\"og:type\" content=\"article\" \/>\n<meta property=\"og:title\" content=\"Afrique du Sud - Maristes en mission\" \/>\n<meta property=\"og:description\" content=\"Notre Province mariste comprenant la Belgique, l\u2019Allemagne, l\u2019Ecosse, l\u2019Irlande et les Pays-Bas, s\u2019engage \u00e9galement \u00e0 \u00eatre au c\u00f4t\u00e9 du monde mariste pour la formation des Fr\u00e8res issus de pays dont les moyens sont plus limit\u00e9s. Ces Fr\u00e8res pourront, dans le futur, \u00eatre des acteurs pour d\u00e9velopper des programmes d\u2019\u00e9ducation, aider \u00e0 l\u2019autonomie de leurs pays [&hellip;]\" \/>\n<meta property=\"og:url\" content=\"https:\/\/marist-en-mission.com\/index.php\/afrique-du-sud\/\" \/>\n<meta property=\"og:site_name\" content=\"Maristes en mission\" \/>\n<meta property=\"article:modified_time\" content=\"2020-12-16T11:01:07+00:00\" \/>\n<meta name=\"twitter:card\" content=\"summary_large_image\" \/>\n<meta name=\"twitter:label1\" content=\"Est. reading time\" \/>\n\t<meta name=\"twitter:data1\" content=\"1 minute\" \/>\n<script type=\"application\/ld+json\" class=\"yoast-schema-graph\">{\"@context\":\"https:\/\/schema.org\",\"@graph\":[{\"@type\":\"WebSite\",\"@id\":\"https:\/\/marist-en-mission.com\/#website\",\"url\":\"https:\/\/marist-en-mission.com\/\",\"name\":\"Maristes en mission\",\"description\":\"\",\"potentialAction\":[{\"@type\":\"SearchAction\",\"target\":{\"@type\":\"EntryPoint\",\"urlTemplate\":\"https:\/\/marist-en-mission.com\/?s={search_term_string}\"},\"query-input\":\"required name=search_term_string\"}],\"inLanguage\":\"en-US\"},{\"@type\":\"WebPage\",\"@id\":\"https:\/\/marist-en-mission.com\/index.php\/afrique-du-sud\/#webpage\",\"url\":\"https:\/\/marist-en-mission.com\/index.php\/afrique-du-sud\/\",\"name\":\"Afrique du Sud - Maristes en mission\",\"isPartOf\":{\"@id\":\"https:\/\/marist-en-mission.com\/#website\"},\"datePublished\":\"2020-12-16T11:01:06+00:00\",\"dateModified\":\"2020-12-16T11:01:07+00:00\",\"breadcrumb\":{\"@id\":\"https:\/\/marist-en-mission.com\/index.php\/afrique-du-sud\/#breadcrumb\"},\"inLanguage\":\"en-US\",\"potentialAction\":[{\"@type\":\"ReadAction\",\"target\":[\"https:\/\/marist-en-mission.com\/index.php\/afrique-du-sud\/\"]}]},{\"@type\":\"BreadcrumbList\",\"@id\":\"https:\/\/marist-en-mission.com\/index.php\/afrique-du-sud\/#breadcrumb\",\"itemListElement\":[{\"@type\":\"ListItem\",\"position\":1,\"name\":\"Home\",\"item\":\"https:\/\/marist-en-mission.com\/\"},{\"@type\":\"ListItem\",\"position\":2,\"name\":\"Afrique du Sud\"}]}]}<\/script>\n<!-- \/ Yoast SEO plugin. -->","yoast_head_json":{"title":"Afrique du Sud - Maristes en mission","robots":{"index":"index","follow":"follow","max-snippet":"max-snippet:-1","max-image-preview":"max-image-preview:large","max-video-preview":"max-video-preview:-1"},"canonical":"https:\/\/marist-en-mission.com\/index.php\/afrique-du-sud\/","og_locale":"en_US","og_type":"article","og_title":"Afrique du Sud - Maristes en mission","og_description":"Notre Province mariste comprenant la Belgique, l\u2019Allemagne, l\u2019Ecosse, l\u2019Irlande et les Pays-Bas, s\u2019engage \u00e9galement \u00e0 \u00eatre au c\u00f4t\u00e9 du monde mariste pour la formation des Fr\u00e8res issus de pays dont les moyens sont plus limit\u00e9s. Ces Fr\u00e8res pourront, dans le futur, \u00eatre des acteurs pour d\u00e9velopper des programmes d\u2019\u00e9ducation, aider \u00e0 l\u2019autonomie de leurs pays [&hellip;]","og_url":"https:\/\/marist-en-mission.com\/index.php\/afrique-du-sud\/","og_site_name":"Maristes en mission","article_modified_time":"2020-12-16T11:01:07+00:00","twitter_card":"summary_large_image","twitter_misc":{"Est. reading time":"1 minute"},"schema":{"@context":"https:\/\/schema.org","@graph":[{"@type":"WebSite","@id":"https:\/\/marist-en-mission.com\/#website","url":"https:\/\/marist-en-mission.com\/","name":"Maristes en mission","description":"","potentialAction":[{"@type":"SearchAction","target":{"@type":"EntryPoint","urlTemplate":"https:\/\/marist-en-mission.com\/?s={search_term_string}"},"query-input":"required name=search_term_string"}],"inLanguage":"en-US"},{"@type":"WebPage","@id":"https:\/\/marist-en-mission.com\/index.php\/afrique-du-sud\/#webpage","url":"https:\/\/marist-en-mission.com\/index.php\/afrique-du-sud\/","name":"Afrique du Sud - Maristes en mission","isPartOf":{"@id":"https:\/\/marist-en-mission.com\/#website"},"datePublished":"2020-12-16T11:01:06+00:00","dateModified":"2020-12-16T11:01:07+00:00","breadcrumb":{"@id":"https:\/\/marist-en-mission.com\/index.php\/afrique-du-sud\/#breadcrumb"},"inLanguage":"en-US","potentialAction":[{"@type":"ReadAction","target":["https:\/\/marist-en-mission.com\/index.php\/afrique-du-sud\/"]}]},{"@type":"BreadcrumbList","@id":"https:\/\/marist-en-mission.com\/index.php\/afrique-du-sud\/#breadcrumb","itemListElement":[{"@type":"ListItem","position":1,"name":"Home","item":"https:\/\/marist-en-mission.com\/"},{"@type":"ListItem","position":2,"name":"Afrique du Sud"}]}]}},"_links":{"self":[{"href":"https:\/\/marist-en-mission.com\/index.php\/wp-json\/wp\/v2\/pages\/808"}],"collection":[{"href":"https:\/\/marist-en-mission.com\/index.php\/wp-json\/wp\/v2\/pages"}],"about":[{"href":"https:\/\/marist-en-mission.com\/index.php\/wp-json\/wp\/v2\/types\/page"}],"author":[{"embeddable":true,"href":"https:\/\/marist-en-mission.com\/index.php\/wp-json\/wp\/v2\/users\/2"}],"replies":[{"embeddable":true,"href":"https:\/\/marist-en-mission.com\/index.php\/wp-json\/wp\/v2\/comments?post=808"}],"version-history":[{"count":2,"href":"https:\/\/marist-en-mission.com\/index.php\/wp-json\/wp\/v2\/pages\/808\/revisions"}],"predecessor-version":[{"id":1010,"href":"https:\/\/marist-en-mission.com\/index.php\/wp-json\/wp\/v2\/pages\/808\/revisions\/1010"}],"wp:attachment":[{"href":"https:\/\/marist-en-mission.com\/index.php\/wp-json\/wp\/v2\/media?parent=808"}],"curies":[{"name":"wp","href":"https:\/\/api.w.org\/{rel}","templated":true}]}}