{"id":806,"date":"2020-12-16T12:00:41","date_gmt":"2020-12-16T11:00:41","guid":{"rendered":"http:\/\/marist-en-mission.com\/?page_id=806"},"modified":"2020-12-16T12:00:41","modified_gmt":"2020-12-16T11:00:41","slug":"moinesti-roumanie","status":"publish","type":"page","link":"https:\/\/marist-en-mission.com\/index.php\/moinesti-roumanie\/","title":{"rendered":"Moinesti (Roumanie)"},"content":{"rendered":"\n<p><strong>Le contexte du pays<\/strong><\/p>\n\n\n\n<p><strong>Le projet de Roumanie est nouveau depuis 2017. La Roumanie a connu la dictature de Ceausescu. Celle-ci a bascul\u00e9 en 1989 par la chute du pouvoir communiste, reconnu comme r\u00e9gime totalitaire responsable d\u2019un g\u00e9nocide sur sa propre population. Depuis, la Roumanie fait partie de l\u2019Union europ\u00e9enne et est devenue une d\u00e9mocratie. Le pr\u00e9sident est \u00e9lu au suffrage universel.&nbsp;<\/strong><\/p>\n\n\n\n<p><strong>Le projet mariste de la communaut\u00e9 de Moinesti<\/strong><\/p>\n\n\n\n<p>Moinesti se situe en Moldavie roumaine au Nord du pays. Elle compte environ 20 000 habitants \u00e0 majorit\u00e9 orthodoxes. Les chr\u00e9tiens forment une minorit\u00e9 de 10% de la population. Projet assez r\u00e9cent, il se cherche encore quant au lieu d\u2019implantation et de mission. Il est destin\u00e9 aux enfants et jeunes issus de l\u2019immigration. C\u2019est une population assez pauvre et peu \u00e9volu\u00e9e. Cela malgr\u00e9 la pr\u00e9sence de p\u00e9trole et de vignes \u00e0 l\u2019origine de vins plut\u00f4t bien appr\u00e9ci\u00e9s. La communaut\u00e9 de fr\u00e8res et de la\u00efcs est compos\u00e9e de quatre membres. Au mois de d\u00e9cembre elle ouvrira un centre d\u2019accueil puisque l\u2019autorisation officielle est maintenant acquise.<\/p>\n","protected":false},"excerpt":{"rendered":"<p>Le contexte du pays Le projet de Roumanie est nouveau depuis 2017. La Roumanie a connu la dictature de Ceausescu. Celle-ci a bascul\u00e9 en 1989 par la chute du pouvoir communiste, reconnu comme r\u00e9gime totalitaire responsable d\u2019un g\u00e9nocide sur sa propre population. Depuis, la Roumanie fait partie de l\u2019Union europ\u00e9enne et est devenue une d\u00e9mocratie. [&hellip;]<\/p>\n","protected":false},"author":2,"featured_media":0,"parent":0,"menu_order":0,"comment_status":"closed","ping_status":"closed","template":"","meta":[],"yoast_head":"<!-- This site is optimized with the Yoast SEO plugin v17.1 - https:\/\/yoast.com\/wordpress\/plugins\/seo\/ -->\n<title>Moinesti (Roumanie) - Maristes en mission<\/title>\n<meta name=\"robots\" content=\"index, follow, max-snippet:-1, max-image-preview:large, max-video-preview:-1\" \/>\n<link rel=\"canonical\" href=\"https:\/\/marist-en-mission.com\/index.php\/moinesti-roumanie\/\" \/>\n<meta property=\"og:locale\" content=\"en_US\" \/>\n<meta property=\"og:type\" content=\"article\" \/>\n<meta property=\"og:title\" content=\"Moinesti (Roumanie) - Maristes en mission\" \/>\n<meta property=\"og:description\" content=\"Le contexte du pays Le projet de Roumanie est nouveau depuis 2017. La Roumanie a connu la dictature de Ceausescu. Celle-ci a bascul\u00e9 en 1989 par la chute du pouvoir communiste, reconnu comme r\u00e9gime totalitaire responsable d\u2019un g\u00e9nocide sur sa propre population. Depuis, la Roumanie fait partie de l\u2019Union europ\u00e9enne et est devenue une d\u00e9mocratie. [&hellip;]\" \/>\n<meta property=\"og:url\" content=\"https:\/\/marist-en-mission.com\/index.php\/moinesti-roumanie\/\" \/>\n<meta property=\"og:site_name\" content=\"Maristes en mission\" \/>\n<meta name=\"twitter:card\" content=\"summary_large_image\" \/>\n<meta name=\"twitter:label1\" content=\"Est. reading time\" \/>\n\t<meta name=\"twitter:data1\" content=\"1 minute\" \/>\n<script type=\"application\/ld+json\" class=\"yoast-schema-graph\">{\"@context\":\"https:\/\/schema.org\",\"@graph\":[{\"@type\":\"WebSite\",\"@id\":\"https:\/\/marist-en-mission.com\/#website\",\"url\":\"https:\/\/marist-en-mission.com\/\",\"name\":\"Maristes en mission\",\"description\":\"\",\"potentialAction\":[{\"@type\":\"SearchAction\",\"target\":{\"@type\":\"EntryPoint\",\"urlTemplate\":\"https:\/\/marist-en-mission.com\/?s={search_term_string}\"},\"query-input\":\"required name=search_term_string\"}],\"inLanguage\":\"en-US\"},{\"@type\":\"WebPage\",\"@id\":\"https:\/\/marist-en-mission.com\/index.php\/moinesti-roumanie\/#webpage\",\"url\":\"https:\/\/marist-en-mission.com\/index.php\/moinesti-roumanie\/\",\"name\":\"Moinesti (Roumanie) - Maristes en mission\",\"isPartOf\":{\"@id\":\"https:\/\/marist-en-mission.com\/#website\"},\"datePublished\":\"2020-12-16T11:00:41+00:00\",\"dateModified\":\"2020-12-16T11:00:41+00:00\",\"breadcrumb\":{\"@id\":\"https:\/\/marist-en-mission.com\/index.php\/moinesti-roumanie\/#breadcrumb\"},\"inLanguage\":\"en-US\",\"potentialAction\":[{\"@type\":\"ReadAction\",\"target\":[\"https:\/\/marist-en-mission.com\/index.php\/moinesti-roumanie\/\"]}]},{\"@type\":\"BreadcrumbList\",\"@id\":\"https:\/\/marist-en-mission.com\/index.php\/moinesti-roumanie\/#breadcrumb\",\"itemListElement\":[{\"@type\":\"ListItem\",\"position\":1,\"name\":\"Home\",\"item\":\"https:\/\/marist-en-mission.com\/\"},{\"@type\":\"ListItem\",\"position\":2,\"name\":\"Moinesti (Roumanie)\"}]}]}<\/script>\n<!-- \/ Yoast SEO plugin. -->","yoast_head_json":{"title":"Moinesti (Roumanie) - Maristes en mission","robots":{"index":"index","follow":"follow","max-snippet":"max-snippet:-1","max-image-preview":"max-image-preview:large","max-video-preview":"max-video-preview:-1"},"canonical":"https:\/\/marist-en-mission.com\/index.php\/moinesti-roumanie\/","og_locale":"en_US","og_type":"article","og_title":"Moinesti (Roumanie) - Maristes en mission","og_description":"Le contexte du pays Le projet de Roumanie est nouveau depuis 2017. La Roumanie a connu la dictature de Ceausescu. Celle-ci a bascul\u00e9 en 1989 par la chute du pouvoir communiste, reconnu comme r\u00e9gime totalitaire responsable d\u2019un g\u00e9nocide sur sa propre population. Depuis, la Roumanie fait partie de l\u2019Union europ\u00e9enne et est devenue une d\u00e9mocratie. [&hellip;]","og_url":"https:\/\/marist-en-mission.com\/index.php\/moinesti-roumanie\/","og_site_name":"Maristes en mission","twitter_card":"summary_large_image","twitter_misc":{"Est. reading time":"1 minute"},"schema":{"@context":"https:\/\/schema.org","@graph":[{"@type":"WebSite","@id":"https:\/\/marist-en-mission.com\/#website","url":"https:\/\/marist-en-mission.com\/","name":"Maristes en mission","description":"","potentialAction":[{"@type":"SearchAction","target":{"@type":"EntryPoint","urlTemplate":"https:\/\/marist-en-mission.com\/?s={search_term_string}"},"query-input":"required name=search_term_string"}],"inLanguage":"en-US"},{"@type":"WebPage","@id":"https:\/\/marist-en-mission.com\/index.php\/moinesti-roumanie\/#webpage","url":"https:\/\/marist-en-mission.com\/index.php\/moinesti-roumanie\/","name":"Moinesti (Roumanie) - Maristes en mission","isPartOf":{"@id":"https:\/\/marist-en-mission.com\/#website"},"datePublished":"2020-12-16T11:00:41+00:00","dateModified":"2020-12-16T11:00:41+00:00","breadcrumb":{"@id":"https:\/\/marist-en-mission.com\/index.php\/moinesti-roumanie\/#breadcrumb"},"inLanguage":"en-US","potentialAction":[{"@type":"ReadAction","target":["https:\/\/marist-en-mission.com\/index.php\/moinesti-roumanie\/"]}]},{"@type":"BreadcrumbList","@id":"https:\/\/marist-en-mission.com\/index.php\/moinesti-roumanie\/#breadcrumb","itemListElement":[{"@type":"ListItem","position":1,"name":"Home","item":"https:\/\/marist-en-mission.com\/"},{"@type":"ListItem","position":2,"name":"Moinesti (Roumanie)"}]}]}},"_links":{"self":[{"href":"https:\/\/marist-en-mission.com\/index.php\/wp-json\/wp\/v2\/pages\/806"}],"collection":[{"href":"https:\/\/marist-en-mission.com\/index.php\/wp-json\/wp\/v2\/pages"}],"about":[{"href":"https:\/\/marist-en-mission.com\/index.php\/wp-json\/wp\/v2\/types\/page"}],"author":[{"embeddable":true,"href":"https:\/\/marist-en-mission.com\/index.php\/wp-json\/wp\/v2\/users\/2"}],"replies":[{"embeddable":true,"href":"https:\/\/marist-en-mission.com\/index.php\/wp-json\/wp\/v2\/comments?post=806"}],"version-history":[{"count":1,"href":"https:\/\/marist-en-mission.com\/index.php\/wp-json\/wp\/v2\/pages\/806\/revisions"}],"predecessor-version":[{"id":807,"href":"https:\/\/marist-en-mission.com\/index.php\/wp-json\/wp\/v2\/pages\/806\/revisions\/807"}],"wp:attachment":[{"href":"https:\/\/marist-en-mission.com\/index.php\/wp-json\/wp\/v2\/media?parent=806"}],"curies":[{"name":"wp","href":"https:\/\/api.w.org\/{rel}","templated":true}]}}