{"id":781,"date":"2020-12-16T11:53:56","date_gmt":"2020-12-16T10:53:56","guid":{"rendered":"http:\/\/marist-en-mission.com\/?page_id=781"},"modified":"2020-12-16T11:54:34","modified_gmt":"2020-12-16T10:54:34","slug":"malawi","status":"publish","type":"page","link":"https:\/\/marist-en-mission.com\/index.php\/malawi\/","title":{"rendered":"Malawi"},"content":{"rendered":"\n<p>Au Malawi, FMSI (ONG Mariste) collabore \u00e0 diff\u00e9rentes campagnes : une campagne de pr\u00e9vention au coronavirus. Une autre contre la violence sexiste. De plus, il participe \u00e0 l\u2019achat d\u2019\u00e9quipement et de mat\u00e9riel \u00e9ducatif pour les \u00e9coles ouvertes (\u00e9coles gratuites pour jeunes en situation d\u2019abandon scolaire).<\/p>\n\n\n\n<div class=\"wp-block-image\"><figure class=\"aligncenter size-full\"><img loading=\"lazy\" width=\"612\" height=\"426\" src=\"http:\/\/marist-en-mission.com\/wp-content\/uploads\/2020\/12\/image2.jpg\" alt=\"\" class=\"wp-image-782\"\/><\/figure><\/div>\n\n\n\n<p>La campagne cherche \u00e0 susciter la solidarit\u00e9 dans les zones les plus affect\u00e9es par la pand\u00e9mie\u2014d\u2019Afrique, du Moyen Orient, d\u2019Asie, d\u2019Am\u00e9rique Latine, d\u2019Europe de l\u2019Est et des Balkans\u2014o\u00f9 sont pr\u00e9sents Caritas et FOCSIV<\/p>\n\n\n\n<div class=\"wp-block-image\"><figure class=\"aligncenter size-large\"><img loading=\"lazy\" width=\"960\" height=\"720\" src=\"http:\/\/marist-en-mission.com\/wp-content\/uploads\/2020\/12\/image9.jpg\" alt=\"\" class=\"wp-image-788\" srcset=\"https:\/\/marist-en-mission.com\/wp-content\/uploads\/2020\/12\/image9.jpg 960w, https:\/\/marist-en-mission.com\/wp-content\/uploads\/2020\/12\/image9-768x576.jpg 768w\" sizes=\"(max-width: 960px) 100vw, 960px\" \/><\/figure><\/div>\n","protected":false},"excerpt":{"rendered":"<p>Au Malawi, FMSI (ONG Mariste) collabore \u00e0 diff\u00e9rentes campagnes : une campagne de pr\u00e9vention au coronavirus. Une autre contre la violence sexiste. De plus, il participe \u00e0 l\u2019achat d\u2019\u00e9quipement et de mat\u00e9riel \u00e9ducatif pour les \u00e9coles ouvertes (\u00e9coles gratuites pour jeunes en situation d\u2019abandon scolaire). La campagne cherche \u00e0 susciter la solidarit\u00e9 dans les zones [&hellip;]<\/p>\n","protected":false},"author":2,"featured_media":782,"parent":0,"menu_order":0,"comment_status":"closed","ping_status":"closed","template":"","meta":[],"yoast_head":"<!-- This site is optimized with the Yoast SEO plugin v17.1 - https:\/\/yoast.com\/wordpress\/plugins\/seo\/ -->\n<title>Malawi - Maristes en mission<\/title>\n<meta name=\"robots\" content=\"index, follow, max-snippet:-1, max-image-preview:large, max-video-preview:-1\" \/>\n<link rel=\"canonical\" href=\"https:\/\/marist-en-mission.com\/index.php\/malawi\/\" \/>\n<meta property=\"og:locale\" content=\"en_US\" \/>\n<meta property=\"og:type\" content=\"article\" \/>\n<meta property=\"og:title\" content=\"Malawi - Maristes en mission\" \/>\n<meta property=\"og:description\" content=\"Au Malawi, FMSI (ONG Mariste) collabore \u00e0 diff\u00e9rentes campagnes : une campagne de pr\u00e9vention au coronavirus. Une autre contre la violence sexiste. De plus, il participe \u00e0 l\u2019achat d\u2019\u00e9quipement et de mat\u00e9riel \u00e9ducatif pour les \u00e9coles ouvertes (\u00e9coles gratuites pour jeunes en situation d\u2019abandon scolaire). La campagne cherche \u00e0 susciter la solidarit\u00e9 dans les zones [&hellip;]\" \/>\n<meta property=\"og:url\" content=\"https:\/\/marist-en-mission.com\/index.php\/malawi\/\" \/>\n<meta property=\"og:site_name\" content=\"Maristes en mission\" \/>\n<meta property=\"article:modified_time\" content=\"2020-12-16T10:54:34+00:00\" \/>\n<meta property=\"og:image\" content=\"https:\/\/marist-en-mission.com\/wp-content\/uploads\/2020\/12\/image2.jpg\" \/>\n\t<meta property=\"og:image:width\" content=\"612\" \/>\n\t<meta property=\"og:image:height\" content=\"426\" \/>\n<meta name=\"twitter:card\" content=\"summary_large_image\" \/>\n<script type=\"application\/ld+json\" class=\"yoast-schema-graph\">{\"@context\":\"https:\/\/schema.org\",\"@graph\":[{\"@type\":\"WebSite\",\"@id\":\"https:\/\/marist-en-mission.com\/#website\",\"url\":\"https:\/\/marist-en-mission.com\/\",\"name\":\"Maristes en mission\",\"description\":\"\",\"potentialAction\":[{\"@type\":\"SearchAction\",\"target\":{\"@type\":\"EntryPoint\",\"urlTemplate\":\"https:\/\/marist-en-mission.com\/?s={search_term_string}\"},\"query-input\":\"required name=search_term_string\"}],\"inLanguage\":\"en-US\"},{\"@type\":\"ImageObject\",\"@id\":\"https:\/\/marist-en-mission.com\/index.php\/malawi\/#primaryimage\",\"inLanguage\":\"en-US\",\"url\":\"https:\/\/marist-en-mission.com\/wp-content\/uploads\/2020\/12\/image2.jpg\",\"contentUrl\":\"https:\/\/marist-en-mission.com\/wp-content\/uploads\/2020\/12\/image2.jpg\",\"width\":612,\"height\":426},{\"@type\":\"WebPage\",\"@id\":\"https:\/\/marist-en-mission.com\/index.php\/malawi\/#webpage\",\"url\":\"https:\/\/marist-en-mission.com\/index.php\/malawi\/\",\"name\":\"Malawi - Maristes en mission\",\"isPartOf\":{\"@id\":\"https:\/\/marist-en-mission.com\/#website\"},\"primaryImageOfPage\":{\"@id\":\"https:\/\/marist-en-mission.com\/index.php\/malawi\/#primaryimage\"},\"datePublished\":\"2020-12-16T10:53:56+00:00\",\"dateModified\":\"2020-12-16T10:54:34+00:00\",\"breadcrumb\":{\"@id\":\"https:\/\/marist-en-mission.com\/index.php\/malawi\/#breadcrumb\"},\"inLanguage\":\"en-US\",\"potentialAction\":[{\"@type\":\"ReadAction\",\"target\":[\"https:\/\/marist-en-mission.com\/index.php\/malawi\/\"]}]},{\"@type\":\"BreadcrumbList\",\"@id\":\"https:\/\/marist-en-mission.com\/index.php\/malawi\/#breadcrumb\",\"itemListElement\":[{\"@type\":\"ListItem\",\"position\":1,\"name\":\"Home\",\"item\":\"https:\/\/marist-en-mission.com\/\"},{\"@type\":\"ListItem\",\"position\":2,\"name\":\"Malawi\"}]}]}<\/script>\n<!-- \/ Yoast SEO plugin. -->","yoast_head_json":{"title":"Malawi - Maristes en mission","robots":{"index":"index","follow":"follow","max-snippet":"max-snippet:-1","max-image-preview":"max-image-preview:large","max-video-preview":"max-video-preview:-1"},"canonical":"https:\/\/marist-en-mission.com\/index.php\/malawi\/","og_locale":"en_US","og_type":"article","og_title":"Malawi - Maristes en mission","og_description":"Au Malawi, FMSI (ONG Mariste) collabore \u00e0 diff\u00e9rentes campagnes : une campagne de pr\u00e9vention au coronavirus. Une autre contre la violence sexiste. De plus, il participe \u00e0 l\u2019achat d\u2019\u00e9quipement et de mat\u00e9riel \u00e9ducatif pour les \u00e9coles ouvertes (\u00e9coles gratuites pour jeunes en situation d\u2019abandon scolaire). La campagne cherche \u00e0 susciter la solidarit\u00e9 dans les zones [&hellip;]","og_url":"https:\/\/marist-en-mission.com\/index.php\/malawi\/","og_site_name":"Maristes en mission","article_modified_time":"2020-12-16T10:54:34+00:00","og_image":[{"width":612,"height":426,"url":"https:\/\/marist-en-mission.com\/wp-content\/uploads\/2020\/12\/image2.jpg","path":"\/home\/maristp\/www\/wp-content\/uploads\/2020\/12\/image2.jpg","size":"full","id":782,"alt":"","pixels":260712,"type":"image\/jpeg"}],"twitter_card":"summary_large_image","schema":{"@context":"https:\/\/schema.org","@graph":[{"@type":"WebSite","@id":"https:\/\/marist-en-mission.com\/#website","url":"https:\/\/marist-en-mission.com\/","name":"Maristes en mission","description":"","potentialAction":[{"@type":"SearchAction","target":{"@type":"EntryPoint","urlTemplate":"https:\/\/marist-en-mission.com\/?s={search_term_string}"},"query-input":"required name=search_term_string"}],"inLanguage":"en-US"},{"@type":"ImageObject","@id":"https:\/\/marist-en-mission.com\/index.php\/malawi\/#primaryimage","inLanguage":"en-US","url":"https:\/\/marist-en-mission.com\/wp-content\/uploads\/2020\/12\/image2.jpg","contentUrl":"https:\/\/marist-en-mission.com\/wp-content\/uploads\/2020\/12\/image2.jpg","width":612,"height":426},{"@type":"WebPage","@id":"https:\/\/marist-en-mission.com\/index.php\/malawi\/#webpage","url":"https:\/\/marist-en-mission.com\/index.php\/malawi\/","name":"Malawi - Maristes en mission","isPartOf":{"@id":"https:\/\/marist-en-mission.com\/#website"},"primaryImageOfPage":{"@id":"https:\/\/marist-en-mission.com\/index.php\/malawi\/#primaryimage"},"datePublished":"2020-12-16T10:53:56+00:00","dateModified":"2020-12-16T10:54:34+00:00","breadcrumb":{"@id":"https:\/\/marist-en-mission.com\/index.php\/malawi\/#breadcrumb"},"inLanguage":"en-US","potentialAction":[{"@type":"ReadAction","target":["https:\/\/marist-en-mission.com\/index.php\/malawi\/"]}]},{"@type":"BreadcrumbList","@id":"https:\/\/marist-en-mission.com\/index.php\/malawi\/#breadcrumb","itemListElement":[{"@type":"ListItem","position":1,"name":"Home","item":"https:\/\/marist-en-mission.com\/"},{"@type":"ListItem","position":2,"name":"Malawi"}]}]}},"_links":{"self":[{"href":"https:\/\/marist-en-mission.com\/index.php\/wp-json\/wp\/v2\/pages\/781"}],"collection":[{"href":"https:\/\/marist-en-mission.com\/index.php\/wp-json\/wp\/v2\/pages"}],"about":[{"href":"https:\/\/marist-en-mission.com\/index.php\/wp-json\/wp\/v2\/types\/page"}],"author":[{"embeddable":true,"href":"https:\/\/marist-en-mission.com\/index.php\/wp-json\/wp\/v2\/users\/2"}],"replies":[{"embeddable":true,"href":"https:\/\/marist-en-mission.com\/index.php\/wp-json\/wp\/v2\/comments?post=781"}],"version-history":[{"count":6,"href":"https:\/\/marist-en-mission.com\/index.php\/wp-json\/wp\/v2\/pages\/781\/revisions"}],"predecessor-version":[{"id":795,"href":"https:\/\/marist-en-mission.com\/index.php\/wp-json\/wp\/v2\/pages\/781\/revisions\/795"}],"wp:featuredmedia":[{"embeddable":true,"href":"https:\/\/marist-en-mission.com\/index.php\/wp-json\/wp\/v2\/media\/782"}],"wp:attachment":[{"href":"https:\/\/marist-en-mission.com\/index.php\/wp-json\/wp\/v2\/media?parent=781"}],"curies":[{"name":"wp","href":"https:\/\/api.w.org\/{rel}","templated":true}]}}