{"id":452,"date":"2020-09-08T11:43:53","date_gmt":"2020-09-08T09:43:53","guid":{"rendered":"http:\/\/marist-en-mission.com\/?page_id=452"},"modified":"2020-09-08T11:43:53","modified_gmt":"2020-09-08T09:43:53","slug":"protection-des-donnees-personnelles-rgpd","status":"publish","type":"page","link":"https:\/\/marist-en-mission.com\/index.php\/protection-des-donnees-personnelles-rgpd\/","title":{"rendered":"Protection des donn\u00e9es personnelles (RGPD)"},"content":{"rendered":"\n<p>Dans&nbsp; le&nbsp;\ncadre&nbsp; de&nbsp; la&nbsp;\nnouvelle&nbsp; loi&nbsp; europ\u00e9enne&nbsp;\nrelative&nbsp; au&nbsp; R\u00e8glement G\u00e9n\u00e9ral&nbsp; sur&nbsp;\nla&nbsp; Protection&nbsp; des&nbsp;\nDonn\u00e9es&nbsp; (RGPD)&nbsp; entr\u00e9e&nbsp;\nen&nbsp; vigueur&nbsp; le&nbsp; 25\nmai&nbsp; 2018,&nbsp; nous&nbsp;\nvous&nbsp; informons&nbsp; que&nbsp;\nvos&nbsp; donn\u00e9es &nbsp;sont&nbsp;\ntrait\u00e9es&nbsp; de mani\u00e8re&nbsp;&nbsp; confidentielle&nbsp;&nbsp; et&nbsp;&nbsp;\nne&nbsp;&nbsp; sont&nbsp;&nbsp; en&nbsp;&nbsp;\naucun&nbsp;&nbsp; cas&nbsp;&nbsp; communiqu\u00e9es&nbsp;&nbsp; \u00e0 d\u2019autres&nbsp;\npersonnes&nbsp; ou&nbsp; organisations.&nbsp; Elles&nbsp;\nne&nbsp; sont&nbsp; accessibles&nbsp;\nqu\u2019aux seules&nbsp; personnes&nbsp; qui&nbsp;\nsont&nbsp; en&nbsp; charge&nbsp;\nde l\u2019\u0152uvre Missionnaire&nbsp; ou&nbsp; de&nbsp; la communication\nqui vous est destin\u00e9e. Par ailleurs, des dispositions de s\u00e9curit\u00e9&nbsp; sont&nbsp;\n\u00e9galement&nbsp; prises&nbsp; afin&nbsp;\nque&nbsp; vos&nbsp; donn\u00e9es&nbsp;\nsoient&nbsp; prot\u00e9g\u00e9es au mieux. <\/p>\n\n\n\n<p>Comme le pr\u00e9voit la loi, vous\npouvez \u00e0 tout moment nous demander la modification&nbsp; ou&nbsp;\nla&nbsp; suppression&nbsp; de&nbsp;\nvos&nbsp; donn\u00e9es&nbsp; (Attention&nbsp;\n:&nbsp; toutes&nbsp; les donn\u00e9es&nbsp;\nsupprim\u00e9es&nbsp; le&nbsp; seront&nbsp;\nd\u00e9finitivement&nbsp; et&nbsp; ne&nbsp;\npourront&nbsp; plus&nbsp; \u00eatre r\u00e9cup\u00e9r\u00e9es par la suite).<\/p>\n\n\n\n<p>Si&nbsp; vous&nbsp;\nsouhaitez&nbsp; intervenir&nbsp; dans&nbsp;\nce&nbsp; sens,&nbsp; merci&nbsp;\nd\u2019envoyer&nbsp; votre demande :<\/p>\n\n\n\n<ul><li>Par courriel&nbsp;: mail : <a href=\"mailto:oeuvre.missionnaire.mariste@gmail.com\">oeuvre.missionnaire.mariste@gmail.com<\/a><\/li><li>Par voie postale : \u0152uvre Missionnaire \u2013 Rue de Linthout 91\n\u2013 1030 Bruxelles<\/li><\/ul>\n","protected":false},"excerpt":{"rendered":"<p>Dans&nbsp; le&nbsp; cadre&nbsp; de&nbsp; la&nbsp; nouvelle&nbsp; loi&nbsp; europ\u00e9enne&nbsp; relative&nbsp; au&nbsp; R\u00e8glement G\u00e9n\u00e9ral&nbsp; sur&nbsp; la&nbsp; Protection&nbsp; des&nbsp; Donn\u00e9es&nbsp; (RGPD)&nbsp; entr\u00e9e&nbsp; en&nbsp; vigueur&nbsp; le&nbsp; 25 mai&nbsp; 2018,&nbsp; nous&nbsp; vous&nbsp; informons&nbsp; que&nbsp; vos&nbsp; donn\u00e9es &nbsp;sont&nbsp; trait\u00e9es&nbsp; de mani\u00e8re&nbsp;&nbsp; confidentielle&nbsp;&nbsp; et&nbsp;&nbsp; ne&nbsp;&nbsp; sont&nbsp;&nbsp; en&nbsp;&nbsp; aucun&nbsp;&nbsp; cas&nbsp;&nbsp; communiqu\u00e9es&nbsp;&nbsp; \u00e0 d\u2019autres&nbsp; personnes&nbsp; ou&nbsp; organisations.&nbsp; Elles&nbsp; ne&nbsp; sont&nbsp; accessibles&nbsp; qu\u2019aux seules&nbsp; personnes&nbsp; [&hellip;]<\/p>\n","protected":false},"author":2,"featured_media":0,"parent":0,"menu_order":0,"comment_status":"closed","ping_status":"closed","template":"","meta":[],"yoast_head":"<!-- This site is optimized with the Yoast SEO plugin v17.1 - https:\/\/yoast.com\/wordpress\/plugins\/seo\/ -->\n<title>Protection des donn\u00e9es personnelles (RGPD) - Maristes en mission<\/title>\n<meta name=\"robots\" content=\"index, follow, max-snippet:-1, max-image-preview:large, max-video-preview:-1\" \/>\n<link rel=\"canonical\" href=\"https:\/\/marist-en-mission.com\/index.php\/protection-des-donnees-personnelles-rgpd\/\" \/>\n<meta property=\"og:locale\" content=\"en_US\" \/>\n<meta property=\"og:type\" content=\"article\" \/>\n<meta property=\"og:title\" content=\"Protection des donn\u00e9es personnelles (RGPD) - Maristes en mission\" \/>\n<meta property=\"og:description\" content=\"Dans&nbsp; le&nbsp; cadre&nbsp; de&nbsp; la&nbsp; nouvelle&nbsp; loi&nbsp; europ\u00e9enne&nbsp; relative&nbsp; au&nbsp; R\u00e8glement G\u00e9n\u00e9ral&nbsp; sur&nbsp; la&nbsp; Protection&nbsp; des&nbsp; Donn\u00e9es&nbsp; (RGPD)&nbsp; entr\u00e9e&nbsp; en&nbsp; vigueur&nbsp; le&nbsp; 25 mai&nbsp; 2018,&nbsp; nous&nbsp; vous&nbsp; informons&nbsp; que&nbsp; vos&nbsp; donn\u00e9es &nbsp;sont&nbsp; trait\u00e9es&nbsp; de mani\u00e8re&nbsp;&nbsp; confidentielle&nbsp;&nbsp; et&nbsp;&nbsp; ne&nbsp;&nbsp; sont&nbsp;&nbsp; en&nbsp;&nbsp; aucun&nbsp;&nbsp; cas&nbsp;&nbsp; communiqu\u00e9es&nbsp;&nbsp; \u00e0 d\u2019autres&nbsp; personnes&nbsp; ou&nbsp; organisations.&nbsp; Elles&nbsp; ne&nbsp; sont&nbsp; accessibles&nbsp; qu\u2019aux seules&nbsp; personnes&nbsp; [&hellip;]\" \/>\n<meta property=\"og:url\" content=\"https:\/\/marist-en-mission.com\/index.php\/protection-des-donnees-personnelles-rgpd\/\" \/>\n<meta property=\"og:site_name\" content=\"Maristes en mission\" \/>\n<meta name=\"twitter:card\" content=\"summary_large_image\" \/>\n<meta name=\"twitter:label1\" content=\"Est. reading time\" \/>\n\t<meta name=\"twitter:data1\" content=\"1 minute\" \/>\n<script type=\"application\/ld+json\" class=\"yoast-schema-graph\">{\"@context\":\"https:\/\/schema.org\",\"@graph\":[{\"@type\":\"WebSite\",\"@id\":\"https:\/\/marist-en-mission.com\/#website\",\"url\":\"https:\/\/marist-en-mission.com\/\",\"name\":\"Maristes en mission\",\"description\":\"\",\"potentialAction\":[{\"@type\":\"SearchAction\",\"target\":{\"@type\":\"EntryPoint\",\"urlTemplate\":\"https:\/\/marist-en-mission.com\/?s={search_term_string}\"},\"query-input\":\"required name=search_term_string\"}],\"inLanguage\":\"en-US\"},{\"@type\":\"WebPage\",\"@id\":\"https:\/\/marist-en-mission.com\/index.php\/protection-des-donnees-personnelles-rgpd\/#webpage\",\"url\":\"https:\/\/marist-en-mission.com\/index.php\/protection-des-donnees-personnelles-rgpd\/\",\"name\":\"Protection des donn\\u00e9es personnelles (RGPD) - Maristes en mission\",\"isPartOf\":{\"@id\":\"https:\/\/marist-en-mission.com\/#website\"},\"datePublished\":\"2020-09-08T09:43:53+00:00\",\"dateModified\":\"2020-09-08T09:43:53+00:00\",\"breadcrumb\":{\"@id\":\"https:\/\/marist-en-mission.com\/index.php\/protection-des-donnees-personnelles-rgpd\/#breadcrumb\"},\"inLanguage\":\"en-US\",\"potentialAction\":[{\"@type\":\"ReadAction\",\"target\":[\"https:\/\/marist-en-mission.com\/index.php\/protection-des-donnees-personnelles-rgpd\/\"]}]},{\"@type\":\"BreadcrumbList\",\"@id\":\"https:\/\/marist-en-mission.com\/index.php\/protection-des-donnees-personnelles-rgpd\/#breadcrumb\",\"itemListElement\":[{\"@type\":\"ListItem\",\"position\":1,\"name\":\"Home\",\"item\":\"https:\/\/marist-en-mission.com\/\"},{\"@type\":\"ListItem\",\"position\":2,\"name\":\"Protection des donn\\u00e9es personnelles (RGPD)\"}]}]}<\/script>\n<!-- \/ Yoast SEO plugin. -->","yoast_head_json":{"title":"Protection des donn\u00e9es personnelles (RGPD) - Maristes en mission","robots":{"index":"index","follow":"follow","max-snippet":"max-snippet:-1","max-image-preview":"max-image-preview:large","max-video-preview":"max-video-preview:-1"},"canonical":"https:\/\/marist-en-mission.com\/index.php\/protection-des-donnees-personnelles-rgpd\/","og_locale":"en_US","og_type":"article","og_title":"Protection des donn\u00e9es personnelles (RGPD) - Maristes en mission","og_description":"Dans&nbsp; le&nbsp; cadre&nbsp; de&nbsp; la&nbsp; nouvelle&nbsp; loi&nbsp; europ\u00e9enne&nbsp; relative&nbsp; au&nbsp; R\u00e8glement G\u00e9n\u00e9ral&nbsp; sur&nbsp; la&nbsp; Protection&nbsp; des&nbsp; Donn\u00e9es&nbsp; (RGPD)&nbsp; entr\u00e9e&nbsp; en&nbsp; vigueur&nbsp; le&nbsp; 25 mai&nbsp; 2018,&nbsp; nous&nbsp; vous&nbsp; informons&nbsp; que&nbsp; vos&nbsp; donn\u00e9es &nbsp;sont&nbsp; trait\u00e9es&nbsp; de mani\u00e8re&nbsp;&nbsp; confidentielle&nbsp;&nbsp; et&nbsp;&nbsp; ne&nbsp;&nbsp; sont&nbsp;&nbsp; en&nbsp;&nbsp; aucun&nbsp;&nbsp; cas&nbsp;&nbsp; communiqu\u00e9es&nbsp;&nbsp; \u00e0 d\u2019autres&nbsp; personnes&nbsp; ou&nbsp; organisations.&nbsp; Elles&nbsp; ne&nbsp; sont&nbsp; accessibles&nbsp; qu\u2019aux seules&nbsp; personnes&nbsp; [&hellip;]","og_url":"https:\/\/marist-en-mission.com\/index.php\/protection-des-donnees-personnelles-rgpd\/","og_site_name":"Maristes en mission","twitter_card":"summary_large_image","twitter_misc":{"Est. reading time":"1 minute"},"schema":{"@context":"https:\/\/schema.org","@graph":[{"@type":"WebSite","@id":"https:\/\/marist-en-mission.com\/#website","url":"https:\/\/marist-en-mission.com\/","name":"Maristes en mission","description":"","potentialAction":[{"@type":"SearchAction","target":{"@type":"EntryPoint","urlTemplate":"https:\/\/marist-en-mission.com\/?s={search_term_string}"},"query-input":"required name=search_term_string"}],"inLanguage":"en-US"},{"@type":"WebPage","@id":"https:\/\/marist-en-mission.com\/index.php\/protection-des-donnees-personnelles-rgpd\/#webpage","url":"https:\/\/marist-en-mission.com\/index.php\/protection-des-donnees-personnelles-rgpd\/","name":"Protection des donn\u00e9es personnelles (RGPD) - Maristes en mission","isPartOf":{"@id":"https:\/\/marist-en-mission.com\/#website"},"datePublished":"2020-09-08T09:43:53+00:00","dateModified":"2020-09-08T09:43:53+00:00","breadcrumb":{"@id":"https:\/\/marist-en-mission.com\/index.php\/protection-des-donnees-personnelles-rgpd\/#breadcrumb"},"inLanguage":"en-US","potentialAction":[{"@type":"ReadAction","target":["https:\/\/marist-en-mission.com\/index.php\/protection-des-donnees-personnelles-rgpd\/"]}]},{"@type":"BreadcrumbList","@id":"https:\/\/marist-en-mission.com\/index.php\/protection-des-donnees-personnelles-rgpd\/#breadcrumb","itemListElement":[{"@type":"ListItem","position":1,"name":"Home","item":"https:\/\/marist-en-mission.com\/"},{"@type":"ListItem","position":2,"name":"Protection des donn\u00e9es personnelles (RGPD)"}]}]}},"_links":{"self":[{"href":"https:\/\/marist-en-mission.com\/index.php\/wp-json\/wp\/v2\/pages\/452"}],"collection":[{"href":"https:\/\/marist-en-mission.com\/index.php\/wp-json\/wp\/v2\/pages"}],"about":[{"href":"https:\/\/marist-en-mission.com\/index.php\/wp-json\/wp\/v2\/types\/page"}],"author":[{"embeddable":true,"href":"https:\/\/marist-en-mission.com\/index.php\/wp-json\/wp\/v2\/users\/2"}],"replies":[{"embeddable":true,"href":"https:\/\/marist-en-mission.com\/index.php\/wp-json\/wp\/v2\/comments?post=452"}],"version-history":[{"count":1,"href":"https:\/\/marist-en-mission.com\/index.php\/wp-json\/wp\/v2\/pages\/452\/revisions"}],"predecessor-version":[{"id":453,"href":"https:\/\/marist-en-mission.com\/index.php\/wp-json\/wp\/v2\/pages\/452\/revisions\/453"}],"wp:attachment":[{"href":"https:\/\/marist-en-mission.com\/index.php\/wp-json\/wp\/v2\/media?parent=452"}],"curies":[{"name":"wp","href":"https:\/\/api.w.org\/{rel}","templated":true}]}}